7 + (15 - -4) + 235 + -286.
-49
What is (-13 - -6) + 6 - (216 + -212)?
-5
Calculate -13 - (11 + 19 + (5 - 13)).
-35
Evaluate 1 - -47 - (5539 + -5486).
-5
What is 1 - (3 + 0 + -3 - -2 - (-99 - -57))?
-43
Calculate 32 - (23 + (-53 - -47)).
15
42 - (78 - 87 - (-14 - -1) - 16)
54
Calculate (128 - 124) + (-90 + 98 - (-1 + 95)).
-82
(-1 + -19 + 10 - -21) + (-17 - -9)
3
-25 + 54 + -148 + 173
54
(-8 + -3 - (4 - 8)) + -53 + -6
-66
Calculate -8 - (9 - 18) - 3.
-2
-4 + -7 + 25 - (13 - -48)
-47
What is the value of (5 - 11) + (-14 + 0 - (8 + -19 - -14))?
-23
Calculate (6 - (-56 - -13)) + -42.
7
What is the value of 58 + (-88 - 5) + 11?
-24
-20 - (-1 - ((-20 - 9) + -3))
-51
What is -140 - -226 - 24 - 105?
-43
Calculate -167 + 126 - (4 + -26).
-19
What is (-3 + -65 - (-100 + 77)) + -27?
-72
Evaluate -13 - ((-5 - -53) + -33).
-28
Evaluate 8 - (10 + -26 - 28) - (3 - -1).
48
Calculate 182 + -147 + (146 - 109).
72
What is 7 + -2 - ((3 - (27 + 0)) + 20)?
9
Evaluate -12 + -16 + 21 + -2 + -3 + -6.
-18
What is -56 + 0 + -7 + (22 - (0 + 14)) + 10?
-45
What is the value of (-24 - 82) + (18 - 38) + 52?
-74
(-3 - (-1 + -5)) + 30 + -42
-9
Evaluate 0 + (5 + -80 - -45) + 166.
136
Evaluate 54 + (-11 - -8) + -41.
10
What is the value of (-191 - -184) + (-42 - 0) + -5?
-54
Calculate (-3 - (-14 + 21 + -8 + 5)) + -20.
-27
-11 + (30 - (-16 + 14 + -7))
28
What is -53 + -108 + 125 - -17?
-19
Calculate (-2 - (-3 + 2)) + -11 - (48 + -23 - 24).
-13
Calculate (18 + -6 - (-84 - -64)) + -29.
3
(4 - -21) + 16 + 30 + -52
19
What is -65 - (1 - 10 - 121)?
65
What is the value of (-1 - (-1 - 0 - 3)) + (143 - 150)?
-4
What is the value of -210 + -51 + 117 + 45?
-99
What is 8 + 0 + 1 + (-5 - -6) + -4?
6
Evaluate -55 - -24 - 6 - (-78 + 14).
27
Evaluate (-19 + 16 - 12) + -5 - -53.
33
Calculate -6 + -2 + (-31 - 4) + -23.
-66
Calculate (48 + 48 - 49) + -35.
12
(114 - 117) + -7 + 6 + 1 + -1
-4
What is 3 + -328 - -173 - (-10 + -2)?
-140
-58 - -67 - (0 + 19) - 27
-37
What is -33 + -1 - (207 + -200 + (3 - 2))?
-42
What is (0 - -1 - (151 + 1)) + (123 - (128 - 18))?
-138
Calculate (7 + 3 - -30) + 526 + -585.
-19
What is -35 - (33 + -67 - -7)?
-8
2 + 2 + -14 + (2 - -25 - (34 + -15))
-2
Evaluate (50 - (12 - 1) - (-23 - -20)) + -10.
32
(19 - 0) + (-869 - -799)
-51
Evaluate 1 + 40 - (-28 + (55 + -48 - -12)).
50
Calculate -3 + (-29 - -35) + -5.
-2
What is the value of 4 - (5 - 39 - ((2 - -9) + -2))?
47
Evaluate 294 - 257 - (53 + 8).
-24
Evaluate 0 + -17 + (40 + 9 - 38) + -1.
-7
10 + -10 + 9 + -3 + (2 - (11 + 61))
-64
Evaluate 10 + -68 - (-19 + 0 + (-70 - -71)).
-40
Calculate 48 + -124 - -29 - -1.
-46
What is (-838 - -829) + (1 + -5 - 0)?
-13
Calculate -55 - (-7 - 158) - 70.
40
Evaluate -6 + 0 + 96 - (291 + -273 - (31 - 1)).
102
Calculate 115 - -1 - (-117 + 65 + 92).
76
Evaluate (-92 - -92) + 0 + 19 - -18.
37
-683 - -606 - (3 - (19 - 3))
-64
Evaluate 124 - (-15 + (81 - 53 - (10 - -2))).
123
(15 - (42 - 12)) + (-2 - (0 + -42))
25
Calculate 1 + (-7 - 0) + (52 - 29 - 14).
3
Evaluate (-2 - -12 - 11 - -11) + (36 - 3) + -2.
41
Calculate (-33 - -36) + 120 + -111 + (-9 - -1).
4
What is the value of (4 + -33 - -39) + (-1 - 0) - 3 - 49?
-43
Calculate -6 - (-45 - (2 + 6 - (-85 - -86))).
46
What is 78 - 1 - (10116 - 10048)?
9
Evaluate 16 + (76 - 54) + -1.
37
Evaluate -6 + 6 - (-96 + 77) - -13.
32
What is the value of (-1 - (-3 - 3)) + (111 - 65)?
51
Calculate (94 - -1) + (-13506 - -13350).
-61
What is -10 - ((0 - -3 - (15 - 24)) + 15)?
-37
-8 + -54 + 55 + -83 + (2 - (-2 + -10))
-76
Evaluate -9 - (-11 - (23 - (15 - 8))).
18
What is 115 + -137 + -44 + -22 + -2?
-90
Calculate (-11 - (-57 - (-36 + 3))) + -31.
-18
19 - -1 - -1 - (-6 - (10 + 26 + -49))
14
Calculate (-15 - -30) + -19 - -9 - 22.
-17
Evaluate -36 - (7 - 31) - -20 - -92.
100
What is 17 - (24 - (13 + 6)) - (0 + -51 + 0)?
63
0 + -742 + 790 + -27 + 1
22
Calculate (-145 - -89) + 109 - 110.
-57
What is the value of -3 + 0 - (-1 + -36 - (-767 - -765))?
32
Evaluate 27 - (-156 - -62 - -31).
90
What is -55 - (-6 - -4 - (-13 - -20) - 3)?
-43
336 - 421 - (-35 + 2)
-52
-49 - (-101 + (31 - -5))
16
Calculate (157 + -151 - (-4 - -1)) + 41 + -1.
49
(42 - 144) + 53 + (14 - 1)
-36
What is the value of (-19 + 17 - (5 + -5 + -47)) + 11?
56
What is -20 - (7 - -11 - (-9 - -120))?
73
What is the value of 34 - -9 - (26 + 4)?
13
Evaluate -5 + (-3 - -3) - (2633 + -2571).
-67
What is 69 + -50 - (-19 + (9 - 1) + 7)?
23
What is the value of -138 + (25 - (-111 + 34))?
-36
-9 - ((89 - 57) + -1)
-40
Evaluate 56 + (-24 - 40) - (-11 - 0).
3
13 + 6 + -6 - ((-6 - 10) + 2)
27
Evaluate (1415 - 1334) + (-40 - -2).
43
What is the value of 4 + -96 + 85 + 22 + -3?
12
What is 11 + -33 - (42 + -54)?
-10
Calculate (9 + 5 - 35 - -3) + (5 - -1).
-12
(0 - (10 + -11)) + -39 - (19 - 15)
-42
What is (135 - 45) + 1 + -9 + 6 + -1 + -9?
78
Evaluate -9 + (-17 - 32) + 22 - -110.
74
Calculate -10 - -5 - (-47 + 39 + -14).
17
What is 75 + (2 - -4) + -1 + -14 + 23 + -20?
69
Evaluate -1 - 45 - (717 + -726).
-37
-29 - (27 + -11 - 43)
-2
What is -21 - (38 - -2 - (-15 - -36))?
-40
Calculate 27477 + -27469 - (0 - (1 - -1 - 1)).
9
Evaluate -35 - (44 + 33 + (-22 - 3)).
-87
What is (-3 - (7 - 7)) + (-16 - 20) - -10?
-29
What is the value of (63 - 65 - 44) + 59?
13
What is 5 + -3 - 2 - 9 - ((-20 - 25) + 42)?
-6
(9 + -10 + 9 - -33) + -13 + (-2 - 8)
18
Evaluate 43 + -55 + (25 - 46) - ((-7 - 0) + -1).
-25
What is 2 + 0 + 0 - (124 + (-109 - 3))?
-10
What is -12 + 137 + (33 - 83) + 33?
108
Evaluate (-3 - (5 + -14 - 1)) + -6 + 2 + 37.
40
Calculate ((-2 - 25) + -26 + 28 - (0 + -2)) + 14.
-9
What is the value of 25 + (90 - 219) - -52?
-52
Evaluate 7 - (-58 + -61 + 96).
30
-36 - (-29 + 56 + -54)
-9
-13 + -62 + 191 - 98
18
What is 3 + (-137 - -127) - 93?
-100
What is the value of (4 - -15) + (-3 - 1) + -210 + 202?
7
Evaluate -44 + 13 - (9 - (2 + (8 - 10) + -3)).
-43
What is the value of (-18 - -36 - 8) + -120 - -32?
-78
What is the value of (80 - (-49 + 49)) + -89?
-9
What is the value of -212 + -113 + 230 + (3 - 1)?
-93
Evaluate 192 + (-230 - -103 - -40).
105
What is -3 - (-5 + -39) - (5 + (-27 - -34))?
29
Calculate (5 - -7) + -4 + -16 - (-6 - (6 - -18)).
22
Calculate (-8 - -21) + 42 + -3.
52
Calculate 15 - ((20 - -76) + -127).
46
What is the value of 69 + 11 + (-32 - -36 - 28)?
56
What is the value of (0 - 7 - (64 - 64)) + -85 + 2?
-90
Calculate (38 + -6 - 2) + -24.
6
What is the value of 24 + (21 + -27 - -19) - (6 + 1 + -7)?
37
What is the value of -9 + (-28 + 0 - (-22 + -27 + 34))?
-22
Evaluate 37 - (-62 - (-158 + 29)).
-30
Evaluate -114 + 11 + (81 - 78).
-100
Calculate (256 - 288 - (1 - 20)) + 20.
7
Evaluate -73 + 13 + -3 + 27.
-36
What is 0 + 1 + -9 + (-228 + 76 - -161)?
1
13 + -51 - (-1 + (-21 + 9 - -20))
-45
What is the value of (-3 - -41 - (1 - 3)) + 3 - (15 + -20)?
48
What is the value of -112 - (-57 + (-33 - 42))?
20
Evaluate 63 - ((44 - 58) + 43) - 122.
-88
What is the value of 2 + 55 + (17 - (-5 + (15 - 3)))?
67
Evaluate (-69 + -70 - -258) + -119.
0
34 + (-15 - (-14 - (6 - (13 + -2))))
28
-18 - -40 - ((76 - -23) + 16)
-93
Calculate (-13 - -14) + 29 + -11 + 5.
24
What is the value of (-26 - 2) + (-65 + 25 - 13)?
-81
What is the value of 2081 + -2072 + -39 + 0 + -3?
-33
Evaluate 41 + (-36 - 18) - (7 + -4 + 5).
-21
-3 + 23 + -23 + 70 + -26
41
What is the value of 2050 + -2030 - (2 - (-3 + 0))?
15
What is 1 - (-2 + (8 - -1)) - (-61 - (47 - 99))?
3
Calculate 57 + (36 - 32) - 35.
26
What is -32 + 34 + -63 + 91?
30
What is (2 - -1 - -121) + -1519 + 1499?
104
-6 + 30 + 5 - (4 + -9 + 10 - -7)
17
-2 + (11 + (11 - 24) - -11) - (-1 - -64)
-56
What is the value of 13 - (-19 + 18 + 6 - -53)?
-45
Evaluate 217 - 228 - (1 - (4 - -3) - (-7 + 2)).
-10
(7 - 16 - 14) + 18 + 1 + 3
-1
Calculate -32 + (1 + 39 - (73 + -58)).
-7
Calculate 21 - (-30 + 33 - (-20 + 8)).
6
What is -533 + 484 + (2 - 34 - -4)?
-77
Evaluate -1 + -25 + ((-3 - -8) + 11 + -3 - 4).
-17
What is the value of -102 - ((0 - -5) + -3) - (-265 - -250)?
-89
What is 2 - 16 - (15 + (-9 - 12)) - (40 - 9)?
-39
Calculate -8 + 2143 + -2153 + -5 + (-1 - 0) + 8.
-16
What is the value of (-42 - (114 + -82)) + 0 + 1 + 0?
-73
What is (1 - (-2 + 3 + 2)) + -7 + 47?
38
Evaluate (-33 - (1 - (28 - 41))) + (-5 - 3).
-55
Evaluate (-2 + 19 - -3 - -8) + -20.
8
(114 - (-27 - 1)) + (-2 - 13)
127
Evaluate 